{"id":53,"date":"2016-05-22T21:19:59","date_gmt":"2016-05-22T19:19:59","guid":{"rendered":"http:\/\/www.elternverein-veltheim.ch\/wordpress\/?page_id=53"},"modified":"2022-08-31T10:31:22","modified_gmt":"2022-08-31T08:31:22","slug":"mitgliedschaft","status":"publish","type":"page","link":"https:\/\/testphp.elternverein-veltheim.ch\/?page_id=53","title":{"rendered":"mitgliedschaft"},"content":{"rendered":"<p>Vorteile einer Mitgliedschaft :<\/p>\n<ul class=\"ul-mitglied\">\n<li>Sie bekommen unser Jahresprogramm schriftlich nach hause geschickt<\/li>\n<li>Sie sind immer \u00fcber all unser Tun via Newsletter informiert<\/li>\n<li>Sie profitieren von g\u00fcnstigeren Preisen zu all unseren Aktivit\u00e4ten<\/li>\n<\/ul>\n<p>Und das alles f\u00fcr CHF 25.00 \/ Jahr<\/p>\n<p><strong>Jetzt anmelden und Mitglied werden<\/strong><\/p>\n<p><br class=\"\u201cclear\u201c\" \/><br \/>\n*-Felder bitte ausf\u00fcllen<\/p>\n","protected":false},"excerpt":{"rendered":"<p>Vorteile einer Mitgliedschaft : Sie bekommen unser Jahresprogramm schriftlich nach hause geschickt Sie sind immer \u00fcber all unser Tun via Newsletter informiert Sie profitieren von g\u00fcnstigeren Preisen zu all unseren Aktivit\u00e4ten Und das alles f\u00fcr CHF 25.00 \/ Jahr Jetzt anmelden und Mitglied werden *-Felder bitte ausf\u00fcllen<\/p>\n","protected":false},"author":1,"featured_media":0,"parent":7,"menu_order":3,"comment_status":"closed","ping_status":"closed","template":"mitgliedschaft.php","meta":{"footnotes":""},"class_list":["post-53","page","type-page","status-publish","hentry"],"_links":{"self":[{"href":"https:\/\/testphp.elternverein-veltheim.ch\/index.php?rest_route=\/wp\/v2\/pages\/53","targetHints":{"allow":["GET"]}}],"collection":[{"href":"https:\/\/testphp.elternverein-veltheim.ch\/index.php?rest_route=\/wp\/v2\/pages"}],"about":[{"href":"https:\/\/testphp.elternverein-veltheim.ch\/index.php?rest_route=\/wp\/v2\/types\/page"}],"author":[{"embeddable":true,"href":"https:\/\/testphp.elternverein-veltheim.ch\/index.php?rest_route=\/wp\/v2\/users\/1"}],"replies":[{"embeddable":true,"href":"https:\/\/testphp.elternverein-veltheim.ch\/index.php?rest_route=%2Fwp%2Fv2%2Fcomments&post=53"}],"version-history":[{"count":10,"href":"https:\/\/testphp.elternverein-veltheim.ch\/index.php?rest_route=\/wp\/v2\/pages\/53\/revisions"}],"predecessor-version":[{"id":1231,"href":"https:\/\/testphp.elternverein-veltheim.ch\/index.php?rest_route=\/wp\/v2\/pages\/53\/revisions\/1231"}],"up":[{"embeddable":true,"href":"https:\/\/testphp.elternverein-veltheim.ch\/index.php?rest_route=\/wp\/v2\/pages\/7"}],"wp:attachment":[{"href":"https:\/\/testphp.elternverein-veltheim.ch\/index.php?rest_route=%2Fwp%2Fv2%2Fmedia&parent=53"}],"curies":[{"name":"wp","href":"https:\/\/api.w.org\/{rel}","templated":true}]}}